Calculate the highest common factor of 116 and u.
29
Let z be ((-240)/(-100))/((-7)/(-35)). Suppose -3*x + 938 = -3*w - 964, 0 = 3*x + w - 1910. Calculate the greatest common factor of z and x.
12
Let g be (9085/15)/(8/(-12) + 1). What is the highest common factor of g and 115?
23
Let m = -8556 - -10012. Calculate the greatest common divisor of 1344 and m.
112
Let x be (3/9)/((-2)/(-72)). Let n be (-6)/(((-81)/6)/9) + 224. What is the greatest common factor of x and n?
12
Suppose -91*h + 1789 + 6219 = 0. What is the highest common divisor of h and 4917?
11
Let q = 95 - 106. Let c be -1 + q/(55/75). Let f be ((-4)/(-16) + 0)/((-1)/c). What is the greatest common divisor of 4 and f?
4
Let p(b) = 26*b**2 + 1272*b - 38. Let h be p(-49). What is the greatest common divisor of 6060 and h?
60
Let n = 673 + -493. Calculate the highest common divisor of 3015 and n.
45
Let h(q) = 175*q - 4181. Let z be h(54). What is the greatest common divisor of 33 and z?
11
Let s be 2199/27 - 380/855. Calculate the greatest common factor of s and 1539.
81
Suppose -87919*v = -88033*v + 12540. Suppose 3*d = m - 50, 4*m - 4*d - 200 = -0*d. Calculate the highest common factor of m and v.
10
Suppose 3*z = -5*o + 175, -4*o + 4*z - 99 = -271. Calculate the highest common factor of o and 19.
19
Suppose -4*s - 5*u = -15, 2*s + 0*s - 6 = -2*u. Suppose s = 46*c - 34*c - 1500. What is the greatest common divisor of c and 50?
25
Suppose 0 = 8*r - 3*r. Suppose -3*m + r + 6 = 0. What is the highest common factor of 25 and m?
1
Let t(r) = 5*r**2 + 19*r + 1. Let w be t(-6). Suppose w*j - 164 = 975. Let h be (136/10 + 0)*5. What is the highest common divisor of h and j?
17
Let b = 3909 + -3884. What is the greatest common factor of b and 2825?
25
Let y be (-50)/((6/(-3))/2). Let c = y + -8. Let j(t) = 13*t + 1. Let m be j(1). What is the highest common factor of m and c?
14
Let n = 1546 - 1478. What is the highest common factor of 36 and n?
4
Let u(r) be the first derivative of 31*r**2/2 - 7*r - 185. Let i be u(1). Calculate the highest common factor of 28 and i.
4
Suppose 0 = 298*k + 128*k - 41748. Calculate the highest common divisor of 2891 and k.
49
Let b be (-18)/36*6/(-4)*27420/45. Calculate the greatest common divisor of 1 and b.
1
Let x = -66 - -41. Suppose -2*f + 62 = -4*f. Let s = x - f. What is the highest common divisor of 54 and s?
6
Let p(g) = g**3 - g. Let r be p(2). What is the greatest common factor of 42 and r?
6
Suppose 9*c - 684 = 3*c. Let q be 38/c + 190/6. Calculate the greatest common divisor of 16 and q.
16
Suppose 0 = -4*a + 41 - 25. Let k be 4*-5 + a + 0. Let g = 34 + k. What is the greatest common divisor of 2 and g?
2
Let q(j) = 17 + 7*j + 16 + 23. Let g be q(-8). Let l be 254/12 - (g + 1/6). Calculate the highest common divisor of l and 28.
7
Suppose 3*j - 4*j = 11. Let y be ((-22)/3*-1)/(j/(-66)). What is the greatest common factor of 22 and y?
22
Let q(w) = -w**3 - 5*w**2 - 8*w + 4. Let d be q(-3). Let c(r) = 11*r - 2. Let o be c(d). What is the highest common divisor of 27 and o?
27
Let m(c) = c**2 + 5*c - 14. Let y be m(2). Let q be 13 + (0 - (-5 + y)). Calculate the greatest common divisor of q and 198.
18
Let u be (1 + (-45 - (-6)/(-1)))/(-2). Let h = 92 - 17. Calculate the highest common divisor of h and u.
25
Let g(x) = -30*x - 25. Let j be g(-1). Suppose -17*u + j*u = -504. Let c be (-1 + 8)*(2 + 0). What is the highest common divisor of c and u?
14
Suppose n - 1610 = 635 - 1469. Calculate the highest common divisor of n and 1067.
97
Let v = -9 + 12. Suppose 3*a + v*c = 30, 4*c + 24 = 3*a + a. Suppose 571 = a*o + 11. What is the highest common factor of 28 and o?
14
Let n be (-44)/(-8) + -5 + (-1101)/(-6) + 5. Calculate the greatest common divisor of n and 966.
21
Let k(h) = -17*h**3 + 3*h**2 - h - 27. Let v be k(-3). Let r = -56 - -100. What is the highest common divisor of r and v?
22
Suppose -3*r = -8*r. Suppose r = k + 3 - 5. Suppose -5*m + 20 = -m + 2*d, -k*m = -d - 2. What is the greatest common factor of m and 27?
3
Suppose -2*m + 1464 = 2*a, -2*m + 184 - 178 = 0. Calculate the highest common divisor of 3888 and a.
243
Let c(k) = -3*k**3 - 1 - 5 + 13*k**2 + 5*k**3 - k**3 + 6*k. Suppose -21*f - 37 = 89. Let d be c(f). What is the greatest common divisor of 35 and d?
35
Suppose -47 = 2*c - p, c + 25 = -5*p - 4. Let u = c - -84. Let n be (284/52 - 5)*(-7 + 33). Calculate the highest common factor of n and u.
12
Let k = -3057 - -3073. Suppose -4*t + 144 = -t. What is the greatest common factor of k and t?
16
Let b = -287 - -287. Suppose 5*p - 5 = b, -4*m - 12*p + 37 = -15*p. Let w(s) = -s**2 - s + 15. Let q be w(0). Calculate the highest common divisor of q and m.
5
Let j(o) = -62*o - 26. Let u be j(-11). Let z = u + -218. Suppose 2*v = 5*v + 2*x - z, 3*v - 447 = -5*x. Calculate the greatest common divisor of v and 18.
18
Suppose -2*l - 67 = -3*i, 0 = 338*i - 339*i + l + 24. Calculate the greatest common divisor of 65873 and i.
19
Let k be (-144)/(40/5) + 7. Let f(b) = b**3 + 10*b**2 - 10*b + 19. Let z be f(k). What is the greatest common divisor of z and 904?
8
Suppose -7*w = -27 + 90. Let g = w - -174. What is the greatest common divisor of g and 3?
3
Let c(d) = 6*d - 8. Let z be c(2). Suppose -19*g - z*g + 16192 = 0. Calculate the greatest common factor of 64 and g.
64
Let w = -243 - -245. Suppose -3*a - 2*g = -2*a - 22, -3*a = -5*g - 11. Suppose 8*q - a = 5*q. What is the greatest common divisor of q and w?
2
Let u = -3445 + 3695. Let j be (-250)/(-10)*(-4)/(-2). Calculate the greatest common divisor of u and j.
50
Let c = 2258 + -912. Calculate the highest common divisor of c and 2.
2
Let f be 4*(2295/68)/27. What is the greatest common factor of 3635 and f?
5
Let j be (4/(-3))/(4/(-42)). Let r be 17824/(-28) + -5 + (-20)/(-35). Let p = 676 + r. What is the highest common factor of j and p?
7
Let u be -14 - -20 - ((-1 - -2) + 1). Suppose x = -m + 10, u*x + 3*m - 13 = 27. Suppose -4*g + x*g = 378. What is the greatest common divisor of 7 and g?
7
Let n be ((-12)/8)/(30/3320). Let y = 571 + n. What is the highest common divisor of 90 and y?
45
Let p be -43*(10/(-6) - 60/(-90)). What is the greatest common factor of 7439 and p?
43
Let m = -5280 - -5300. What is the greatest common divisor of m and 15?
5
Let f be (-14)/8 - ((-15365)/140 - 3). Calculate the greatest common divisor of f and 40737.
111
Suppose i - 47 = -i + 5*r, 4*r = -3*i + 59. Calculate the greatest common factor of 24 and i.
3
Let l = 697 - 659. Suppose l*z = 93 + 249. What is the greatest common factor of z and 27?
9
Suppose 0 = -38*z - 13*z - 37037 + 145208. What is the greatest common factor of 808 and z?
101
Suppose 102*t + 26*t = 16896. What is the greatest common divisor of t and 72?
12
Let p be 620/16*100/125. What is the greatest common divisor of 13733 and p?
31
Let y(f) = 10*f**2 - 8*f + 17. Let t be y(2). Let h = t + 89. Calculate the greatest common divisor of 10 and h.
10
Let f(c) be the second derivative of c**4/3 - 10*c**3/3 - 47*c**2/2 - 4*c - 1. Let d be f(10). Calculate the highest common divisor of 34 and d.
17
Let y(w) = w**2 + w - 12. Let b be y(-4). Suppose 4*g + 5*s + 346 = 42, -g - s - 77 = b. Let a = g - -156. Calculate the highest common divisor of a and 15.
15
Let g = 3 - 1. Let l be 10*15/(g - -1). Let w be (-13)/((-156)/212) + 35/15. What is the greatest common factor of l and w?
10
Let v = -636 + 640. Suppose 31*k - v*k - 486 = 0. What is the greatest common divisor of k and 18?
18
Let s = 41 + -38. Suppose 2*m + 7*k = 2*k + 36, 45 = 3*m + s*k. Suppose -2*u + 210 + 24 = 0. What is the greatest common divisor of u and m?
13
Let v(s) = 3*s**2 - 4*s - 1. Let c be v(3). Let x(q) = 4463*q + 42. Let f be x(0). What is the highest common factor of c and f?
14
Let s = 11084 + 70. Calculate the highest common factor of 66 and s.
66
Let n = 307 - 334. Let a be (-16930)/(-45) + (-102)/n + -4. What is the greatest common factor of a and 282?
94
Suppose -8*l + 1330 = -4*l + 2*p, -4*p = 4*l - 1324. Suppose -332*f + l*f - 6 = 0. What is the highest common factor of 147 and f?
3
Suppose -3*r - 6*o = -8*o - 1024, 5 = -o. Suppose -5*s + 498 = r. Calculate the greatest common factor of 1 and s.
1
Suppose -z + 0 + 3 = 0. Suppose 4*h + z*h = 0. Suppose -12*s + 8*